s - 3 - r**2 - 16*r + 14*r - 11*r**3. Is i(-2) composite?
False
Let t(k) be the second derivative of 1/2*k**2 + 0 - 2*k - 290/3*k**3. Is t(-1) prime?
False
Suppose -r + 4*k = -15, 0*r + 4*k = -2*r - 6. Suppose -2*f + 27 = -r*v, 3*f - 35 = -2*f + v. Is f prime?
False
Suppose 0 = 2*s + t + t - 14, -5*s + 3*t + 75 = 0. Suppose q = -3*q + s. Suppose -q*k = -0*k - 231. Is k a composite number?
True
Let h = -52 - -235. Let d = 672 - h. Is d prime?
False
Let z = -31 - -21. Let d(b) = -b**2 - 10*b + 13. Let r be d(z). Let f = r + 24. Is f prime?
True
Suppose 2*r - 4*c - 11954 = 0, 3*c = -r + 3*r - 11956. Is r a prime number?
True
Let l(i) = -i - 2. Let g be l(2). Is g + 0 + 5 + 66 prime?
True
Let p(t) = 3*t**2 + 8*t - 1. Let i(b) = -5*b**2 - 7*b - 2. Let u(z) = 4*z**2 + 6*z + 1. Let d(m) = -3*i(m) - 4*u(m). Let a be d(-5). Is p(a) composite?
False
Let k(f) = -4*f - 9*f - 8*f**3 + 7*f**3 + 16 + 13*f**2. Let m be k(12). Suppose -20 = -m*i, -5*i = 2*n + n - 154. Is n a prime number?
True
Suppose -2*n - 3409 = -2*u + n, -u + 1715 = 2*n. Is u a composite number?
False
Suppose 2*l - 4222 = -5*a + 2*a, 4*a - 5634 = -5*l. Suppose 3*s + 92 = a. Suppose -3*p + 1299 - s = 0. Is p prime?
False
Is (-27516)/(-18) - 2/(-6) a composite number?
True
Let q be 2/((-1)/(-1 + 0)). Suppose q*m + 3 = -3*y + 121, m - 49 = y. Is m composite?
False
Let z(o) = -o**3 - 5*o**2 + 4*o + 4. Let u be z(-4). Let h(n) = 16*n - 18. Let y be h(-2). Let j = u - y. Is j a composite number?
True
Let y = 15278 - -4883. Is y composite?
False
Let p = 9 + -9. Suppose -654 = -p*b - 2*b. Is b composite?
True
Let n = -24 - -28. Suppose -d + 3200 = -n*h, 4*h - 4170 = -d - 986. Suppose 4*a = c - 1055, -4*c = -c - 3*a - d. Is c composite?
True
Let t be -1*2 - (8 - 15). Is (-9)/45 + 4571/t composite?
True
Let t be 30/4*(-24)/10. Is ((-79)/4)/(t/72) composite?
False
Let c = -10 - -12. Suppose -4*h - a + 8 = 2*a, 2*a = c*h - 18. Suppose 723 = h*f + 88. Is f a prime number?
True
Let q(x) = 4*x**3 + 16*x**2 + 2*x + 8. Let m be q(-4). Suppose 1713 = 3*j + 2*l, m = -0*l + 3*l. Is j a prime number?
True
Let o = 909 + 3448. Is o a composite number?
False
Let c = -53963 + 90456. Is c a composite number?
False
Let g(j) = j + 2. Let z = 12 + -5. Let y be g(z). Suppose -651 = -y*q + 6*q. Is q prime?
False
Suppose -19*k + 101108 = 9*k. Is k prime?
False
Let t = -17 - -2. Let q be (-23)/6 + t/90. Is 2 + q + (0 - -21) a prime number?
True
Suppose 0 = 4*y - 0*c - c + 25, 3*y = -3*c. Let i be (-31)/y + 7/(-35). Suppose 154 = 3*g + 5*v, -i*v + 2*v + 100 = 2*g. Is g a composite number?
True
Let i be (-5)/((-60)/10551) + (-2)/8. Suppose 208 + i = h. Is h a prime number?
True
Let x = 595 + -348. Let l be -9 + 5 + x/(-1). Let a = 486 + l. Is a a composite number?
True
Let o(j) = 6*j - j**2 - 20*j**3 + 22*j**3 - 2*j. Let c be 2*(-3)/(-6)*3. Is o(c) a composite number?
True
Suppose -k - a + 2140 = 0, 2*a + 8592 + 2087 = 5*k. Is k prime?
True
Suppose -2*t + t = -5. Let g = -206 - -597. Suppose -4*o + 3*b = -313, -b = 5*o - t*b - g. Is o a composite number?
False
Let y be ((-13)/1)/((-1)/(-2)). Suppose -5*x - 2*c + 377 = -0*c, 4*x - 305 = -5*c. Let j = x + y. Is j composite?
True
Suppose -r + 16*n + 877 = 13*n, 0 = -2*r + n + 1774. Is r a composite number?
True
Let w = 2542 + -1247. Suppose w = 113*h - 108*h. Is h a prime number?
False
Is ((-4)/(-6) - 0)*(-6262410)/(-140) a composite number?
True
Is (3/(-6)*2)/(15/(-16890)) composite?
True
Let q(m) = 235*m**2 - 45*m + 369. Is q(16) a prime number?
True
Suppose 5*s = -1 + 26. Let d = s - 3. Suppose d*p = -103 + 425. Is p a composite number?
True
Let s(d) = d + 1. Let h(o) = -2*o**2 - 7*o - 22. Let p(c) = -h(c) + 3*s(c). Is p(-13) a prime number?
True
Let h(q) = -15*q**3 + 3*q**2 - 38*q + 19. Is h(-11) composite?
True
Let d = 68 + -63. Suppose -d*j - 5062 = -7*j. Is j a composite number?
False
Is ((-117)/(-1) + -1)*(-642)/(-24) a prime number?
False
Let l = -130 - -331. Let u = l - 116. Is u a composite number?
True
Let z = -9 - -17. Let u(b) = 5*b**2 + 6*b - 5. Let f be u(z). Is (-8)/(-12)*f/2 composite?
True
Let l be 146 + 2 - 0/4. Suppose -v - l = v. Let q = v - -283. Is q a composite number?
True
Let h(d) = -d + 1. Let n be h(-1). Let t(z) = 10*z**2 - 9*z**n + 3*z - 11*z + 14. Is t(13) composite?
False
Let t(n) = 16*n**2 + 20*n - 15. Is t(-7) a prime number?
False
Let k(c) = 1. Let h(m) = 6*m + 18. Let j(u) = h(u) - 12*k(u). Let o be j(-8). Is (-1374)/o + 6/21 composite?
True
Suppose 4*a = 36 + 32. Suppose g + 1 = 2*z - a, -4*g - 6 = -2*z. Let m = z - 1. Is m a prime number?
False
Let r = 16 + -53. Let i = r + 65. Suppose 0 = k - i - 49. Is k a composite number?
True
Let x = 38912 - 11299. Is x composite?
True
Let a be (0 - (-12)/4) + 1. Suppose s - 1325 = a*i, -2*s - 2*s + i + 5255 = 0. Is s a composite number?
True
Suppose 11*n = -24684 + 68321. Is n a composite number?
False
Let k(t) = 121*t**2 - 14*t - 12. Let j(g) = -81*g**2 + 9*g + 8. Let r(l) = -8*j(l) - 5*k(l). Is r(3) a prime number?
False
Suppose -o = 5*a - 17, -a - 4*a - 3*o + 21 = 0. Suppose 126 = a*z - 3. Is z a composite number?
False
Let j be -15*(19/(-5) + 3). Let g be (633/1)/(9/j). Suppose 7*x + g = 11*x. Is x a prime number?
True
Suppose -2*k + 0*j + 19394 = -4*j, 2*k - 2*j = 19388. Is k composite?
True
Suppose 110501 = 3*u + 5*z, -3*u + 0*z + 2*z + 110473 = 0. Is u a composite number?
True
Let h = 17373 + 5000. Is h a prime number?
False
Suppose 0 = t - 5, -3*m + 9665 = -2*m + 2*t. Is m a composite number?
True
Suppose -4*a - 4*g = 8, 4*a + 3*g + 0*g + 5 = 0. Is a/5 - ((-24778)/10 + 1) a composite number?
False
Suppose 4*m = -m, 4*f = 2*m + 9836. Is f a composite number?
False
Let j = 110647 + -76226. Is j a composite number?
False
Suppose -2*j + 9*j - 10745 = 0. Is j a composite number?
True
Suppose 5 = -s - 2. Let m = s - -4. Is -3 - m*(-452)/(-6) a composite number?
False
Let t be (-40)/(-7) + 2/7. Let k(a) = 2*a**2 + 8*a. Let x be k(t). Suppose -3*w = -x - 57. Is w prime?
True
Is 5005/130*1388/14 a prime number?
False
Suppose -i - 125 = -4*i - t, 4 = -t. Let z(a) = a + 8. Let b be z(-8). Suppose 2*w + 3*j - i - 34 = b, 2*j = 3*w - 109. Is w composite?
False
Let g be ((-108)/7)/(-9*(-3)/(-252)). Suppose g - 1336 = -8*b. Is b a prime number?
True
Is (-3)/(-5) - (3 + (-34856)/40) prime?
False
Let w be (2/(-4))/(4/8). Let f be w - 3/3 - -4. Suppose f*o = 88 - 20. Is o a composite number?
True
Let n(l) = -5*l - 59*l + 4 - 3 - 29*l. Is n(-4) a composite number?
False
Let s(r) = -15*r**2 - 5*r + 28. Let v(i) = 7*i**2 + 3*i - 15. Let p(l) = 6*s(l) + 13*v(l). Is p(7) a prime number?
False
Suppose -14*a + 6403 = 5*a. Is a prime?
True
Suppose 4*f + 3*t - 23974 - 65570 = 0, -2*f - t = -44774. Suppose -8*c + f - 4557 = 0. Is c prime?
False
Let w = -24 + -329. Let l = w + 798. Is l prime?
False
Suppose 0*p = 2*p. Suppose s - 165 = -k + 35, -2*k + 5*s + 407 = p. Is k a composite number?
True
Let c(q) = q**3 + 9*q**2 - 21*q + 14. Let y be c(-11). Suppose 378 = y*s + 3*b, 5*b - 500 = -4*s + 8. Is s a prime number?
False
Suppose 4*w - 4*z = 5*w + 11, 0 = 3*z + 6. Let j(n) = -6*n**2 - 5*n - 4. Let a(y) = y**2 - y. Let l(p) = w*a(p) - j(p). Is l(-13) a prime number?
False
Suppose -2*y - 4*w = -2746, -2*y + w + 2731 = 2*w. Is y prime?
False
Let i(a) = 2*a - 4. Let n be i(-4). Is (-1779)/n + (-21)/(-28) a composite number?
False
Suppose 21*w + 1014 = 24*w. Let r = -195 + w. Is r prime?
False
Let d be 7/(-28) - (-6)/(-8). Is (25/d + -1)*-1 prime?
False
Suppose 0 = 2*r - r - 5. Suppose -r*f - 1729 = -6039. Is f composite?
True
Suppose -x - 3 = 2. Is (-3 + 1)*-808 - x prime?
True
Suppose -12 = -6*s + 12. Is ((-2875)/15 + s)*-3 composite?
False
Let w(d) = -3*d - 4. Let i(s) = 10*s + 13. Let v(c) = 3*i(c) + 8*w(c). Let k be v(5). Let q = 2 + k. Is q prime?
False
Suppose -578 = -1555*b + 1553*b. Is b a prime number?
False
Let j be (12/30)/((-2)/60). Let b(a) = 3*a**2 - 22*a - 11. Is b(j) prime?
False
Suppose 3*p - 2857 = 2*m + 4225, 0 = 4*p - m - 9446. Is p a prime number?
False
Let p(q) = 230*q**2 + 9*q + 8. Is p(17) prime?
False
Let u(b) = 202*b**2 + 12*b - 12. Let j be u(7). Suppose r - 11*r = -j. Is r composite?
False
Let v be (1/(-3))/(2/(-78)). Let q(s) = 5*s + 22. Is q(v) a prime number?
False
Is 3188/2*4/8 prime?
Tr